*2 - 3*z - 3. Calculate c(p).
-7
Suppose 3*d = s - 43, -d - 11 = -0*d + 3*s. Let x be 2/3*(d - -20). Let g(m) = -m - x + m - 3*m - m. What is g(-3)?
8
Let k(x) be the first derivative of 3*x**4/8 + x**3/2 - 11*x**2/2 - 2. Let g(s) be the second derivative of k(s). Determine g(-2).
-15
Let m = -33 + 29. Let k be (m/16)/((-1)/12). Let t(p) = k*p - p**2 - 6*p + 3*p - 5. Give t(0).
-5
Suppose -4*b + 5*a = -0*b - 35, -10 = -5*b - 5*a. Let z(u) = -2*u + 3. Calculate z(b).
-7
Let a(s) = s**2 - 13*s + 45. Let v be a(6). Let l(i) = -i**2 + 4. Give l(v).
-5
Let k(y) = -y**2 + 17*y - 2. Let a be k(14). Let f = a - 48. Let b(w) = -2*w - 5. Calculate b(f).
11
Let x be 12/(-9)*(-13 + -14)/9. Let n(b) be the first derivative of -b**2 + 7/2*b**x - b - 1/3*b**3 + 11. Calculate n(-1).
-14
Let t be (-5 - -2)/(-6)*8. Suppose 0*u + 4*y + t = -5*u, 0 = -4*u + 3*y + 3. Suppose -d - d + 6 = u. Let p(o) = o**3 - 2*o**2 - 4*o + 1. Give p(d).
-2
Let l(a) = -2 + 1 - a + 3. Let z be 7 + 153/(-21) - 37/(-7). Give l(z).
-3
Let f(d) = -104 + 57 - 7*d + 50. Let l(b) = -7*b + 3. Let t(h) = 5*f(h) - 4*l(h). What is t(3)?
-18
Let d(i) be the third derivative of -i**5/60 + 11*i**4/24 - 2*i**3 + 7*i**2 + 2. Determine d(11).
-12
Let q(s) be the third derivative of -s**5/10 + s**4/24 + s**3/6 - 6*s**2. Let i = 289 - 290. Calculate q(i).
-6
Let v(c) = 5*c**2 + c - 8. Let n(s) = s**2 - 1. Let q(t) = 6*n(t) - v(t). Calculate q(3).
8
Let y = 0 - 2. Let k(d) = -4 + 18*d + 1 - 17*d - 5*d. What is k(y)?
5
Let j = 0 - -7. Let i(c) = -3*c**2 - 2 + 2*c**2 + 6 + j*c. Let x be (-3605)/(-525) - (-2)/15. Give i(x).
4
Let h(b) = 12 + 10 - 21 + 10*b. Suppose -3*v - 6 + 3 = 0. What is h(v)?
-9
Let r(a) = a**3 + 5*a**2 - 7*a + 1. Let f(g) = -g**2 + 7*g + 21. Let i be f(9). Suppose i = -3*q - 15. Determine r(q).
7
Let d(r) = -r**3 + 8*r**2 - 8*r + 2. Let x = 48 + -45. Let p(g) = g**3 - 7*g**2 + 7*g - 2. Let o(q) = x*d(q) + 4*p(q). What is o(2)?
-2
Let g(i) = -i**2 + 5*i - 5. Suppose 4*a = 210 - 78. Let h = a - 28. Determine g(h).
-5
Let y(h) = -15*h - 20. Let f(s) = 5*s + 7. Let n be -6*(12/(-9) + 1). Suppose 11 + 23 = -n*q. Let d(k) = q*f(k) - 6*y(k). Give d(-1).
-4
Suppose 0 = 2*n + 4*s + 9 + 5, n + 2 = -s. Let j be (0 - 4/n)*3. Let q(u) be the third derivative of u**4/12 + u**3/3 - 716*u**2. What is q(j)?
-6
Suppose 3*c + 0*c = -18. Let f(p) be the first derivative of 8 + 3*p**2 + 1/3*p**3 - 7*p. Determine f(c).
-7
Suppose -11*b = -14*b - 3. Let m(k) = -k**3 - k**2 + k + 1. Let q(u) = -4*u**3 - 9*u**2 + 6*u + 6. Let n(h) = b*q(h) + 5*m(h). Calculate n(4).
-5
Suppose 0 = 3*f - 4*z + 16, -f + 10 = 2*z + 2. Suppose 3*y + 3*y + 24 = f. Let l(v) = -v + 4*v - 2*v + 7. Determine l(y).
3
Let u = 310 + -310. Let i(f) be the first derivative of -f**4/4 + f**3/3 + f**2/2 - 17*f + 2. Determine i(u).
-17
Suppose -3*h - 12 + 3 = -5*p, p - 12 = 4*h. Let w be (-4*h/6)/(-1). Let k(a) = -2*a**2 + 27*a**3 - 3*a + 3*a**2 + 4*a - 26*a**3. What is k(w)?
-6
Let s(o) be the third derivative of o**5/60 - o**4/4 + 5*o**3/6 - o**2 + 44. Let u = -6 - -11. Calculate s(u).
0
Let m(q) be the second derivative of -q**3/6 + 7*q**2/2 - 6*q - 5. Let v = -4 + 7. Suppose z - v*h = 2, 2*z + 2*h = 6*h + 6. Determine m(z).
2
Let d(b) = -b**2 - 7*b - 10. Let a be d(-5). Suppose a = -5*i + 3*i + 6. Let s(m) = m - 3*m - 2*m**2 + m**i + 2 + 3*m - 2*m. Give s(2).
0
Let b(j) be the first derivative of 5*j**2 - 2*j + 512. What is b(-1)?
-12
Let c be (49/147)/(2 + 46/(-24)). Let a(p) = 10*p + 1. Calculate a(c).
41
Let y(m) be the first derivative of -5*m**4/4 - 2. Let q(f) = -2*f - 29. Let c be q(-15). Calculate y(c).
-5
Let j be -3 - -1 - (-16)/4. Let z(a) = -a**3 + 10*a**2 + 5*a + 5. Let n(u) = u**3 - 9*u**2 - 4*u - 4. Let p(q) = 7*n(q) + 6*z(q). What is p(j)?
2
Let b(t) = 8 - 8 - t + 4 + 2*t. Let z be b(-1). Let g(u) = u**3 - 2*u**2 - 3*u + 4. What is g(z)?
4
Let p(j) be the second derivative of -j**8/6720 - j**7/504 - j**6/180 + j**5/24 - 3*j**4/4 - 5*j. Let l(y) be the third derivative of p(y). What is l(-4)?
5
Suppose 0 = 3*l - 34 + 25. Let i(h) = 8*h + 5. Let x(r) = r + 1. Let n(a) = i(a) - 6*x(a). What is n(l)?
5
Let t(j) = 2*j**2 - 2*j - 1. Let m(b) be the second derivative of -b**3/6 - b**2/2 + 19*b. Let z(o) = 4*m(o) + t(o). Give z(5).
15
Let j(a) = 10*a**2 + 20. Let d(z) = -7*z**2 - 13. Let h(q) = -7*d(q) - 5*j(q). Give h(0).
-9
Let p = 3 + 0. Let h(y) = -2 + 5*y**2 + 5*y**2 - p*y - 4*y**2 - y**3. Suppose 2*x - 5 = q, 5*q - 2*x + 0*x - 15 = 0. Calculate h(q).
8
Suppose 0 = 5*v + 4*j + 37 + 19, 4*v + 5*j = -43. Let u be (v/(-16))/((-2)/(-8)). Let w(r) be the second derivative of -r**4/12 + r**2/2 + r. Calculate w(u).
-8
Let i(y) = -4*y - 2*y + 2 - 7*y**2 + 2. Let u(b) be the first derivative of -4*b**3/3 - 3*b**2/2 + 2*b - 15. Let w(m) = -3*i(m) + 5*u(m). Determine w(-3).
-2
Let h(k) = k**3 - 7*k**2 - 19*k + 6. Suppose -43 + 151 = 12*j. Determine h(j).
-3
Let c(b) = -19*b**2 - 31 - b + 1 + 8 - b**3 + 0*b**2. Determine c(-19).
-3
Let o = 95 - 47. Let z(h) = 0 + 5 + 1 + 47*h**2 - o*h**2 + 6*h. What is z(7)?
-1
Let z(c) = c + 12. Let i(d) = -2*d - 24. Let g(q) = -3*i(q) - 5*z(q). Give g(-7).
5
Let z(c) = c**2 - 10*c - 8. Suppose -3*m + 26 = -p, 2*m + 3*p + 3 = 13. Give z(m).
-24
Let o(p) = 3*p + 26. Let w be o(-6). Let h(n) = -n**3 + 7*n**2 + 5*n + 8. What is h(w)?
-16
Let r(h) = -h**2 + 7*h + 14. Let j = -13 - -22. Let v be r(j). Let k(y) = -y**3 - 4*y**2 - 2. Calculate k(v).
-2
Let h = 26 - 25. Let l(f) = f**2 + 0*f - h + f - 2 - 2*f. Determine l(0).
-3
Let q(b) = -17*b - 1. Suppose 59*o + 24 = 83*o. What is q(o)?
-18
Let s = 311 + -318. Let n(p) = -2*p - 7. Determine n(s).
7
Let y(s) = 5*s**2 - 6*s**2 + 3 - 8*s - s**2 - 1. What is y(-6)?
-22
Suppose 3*g - 5*j = -9, 2*g + 3*j + 6 = -0*g. Let u(h) = h. What is u(g)?
-3
Let k(m) = m**3 + 5*m**2 + 4*m - 1. Suppose 0 = -8*y + 4*y + 28. Let j = y - 10. Give k(j).
5
Let m(t) be the first derivative of t**2/2 - t - 2. Suppose -3 = 5*c + 2. Let y(k) = -8*k + 5. Let i(d) = c*y(d) - 4*m(d). Determine i(2).
7
Let r be (-3)/((-1 - -5)*45/(-660)). Let l(j) = -j**2 + 12*j - 12. Let x(m) = 2*m**2 - 23*m + 23. Let n(k) = r*l(k) + 6*x(k). Calculate n(6).
6
Let z(p) = 5*p + 4. Let t(f) = -24*f - 18. Let j(d) = 3*t(d) + 14*z(d). Give j(-2).
6
Let x(a) = 5*a**3 + 17*a**2 + 9*a - 14. Let r(p) = 2*p**3 + 6*p**2 + 3*p - 5. Let f(s) = -8*r(s) + 3*x(s). Let l be f(4). Let m(h) = h**2 + 6*h. Determine m(l).
0
Let f = 1401 - 1394. Let v(l) be the second derivative of l**4/12 - 3*l**3/2 + 9*l**2/2 + l. Calculate v(f).
-5
Let x(d) = d**2 + 6*d - 1. Suppose 112 - 28 = 3*w. Let m be (w/10)/(16/(-40)). Give x(m).
6
Let y(a) be the first derivative of a**3/3 + a**2/2 - 22*a + 64. What is y(5)?
8
Let o be -3*3/9*3. Let y be (28/(-6))/(2/o). Let l(k) = -k + 8. Determine l(y).
1
Let l(z) = 4*z + 8*z**2 - 9*z**2 + 4 - 2*z. Let n(s) = s**2 + 6*s + 6. Let y be n(-4). Let q = y - -6. Calculate l(q).
-4
Let w(s) = -4*s + 8. Let h be w(4). Let a = h + 8. Let p(t) = 2*t**3 + t + 0*t**3 + 7 + t**2 - t**3. Determine p(a).
7
Let r(j) = 9*j**2 - 6*j - 1. Let x(o) = -11*o**2 + 6*o. Let b(h) = 6*r(h) + 5*x(h). Determine b(-6).
-6
Let n(h) = 7*h + 15. Let f(r) = -15*r - 32. Let u(m) = 6*f(m) + 13*n(m). What is u(-13)?
-10
Let j be 0/((4 - 3)/(-1)) - -26. Let q(z) = -2 + z**2 + 0 + j*z - 22*z. Calculate q(-5).
3
Let h(d) be the third derivative of -1/120*d**6 - 6*d**2 + 0*d**4 + 0*d - 1/10*d**5 + 7/6*d**3 + 0. Let g be (-8 + 0)*(-15)/(-20). Calculate h(g).
7
Let i(j) be the third derivative of j**6/60 + j**5/30 - j**3/6 - 3*j**2. Let b(h) = 3*h**2 - h. Let u be b(-1). Suppose 8*c = 12*c - u. What is i(c)?
3
Let p(o) be the second derivative of -5/2*o**2 - o**3 + 0 - 1/12*o**4 + 19*o. What is p(-4)?
3
Let g(w) = -2*w + 2. Let h be 2/(-3) + 203/21. Suppose -2*d + 3 = -h. Determine g(d).
-10
Let y(m) = 2*m**3 + 5*m**2 - 13*m + 8. Let k(d) = d**3 + 3*d**2 - 7*d + 4. Let z(l) = -11*k(l) + 6*y(l). What is z(4)?
16
Let b(t) = -2*t - 4. Let d(s) = 2*s + 26. Let k be d(-13). Suppose k*j + 8 = j + 2*l, -26 = -5*j - 3*l. What is b(j)?
-12
Suppose -5*j + 1 = 2*f + 11, -2*j - 5*f = 25. Suppose j = 2*t + 2*t - 12. Let m be t*(30/9)/5. Let u(z) = -3*z. What is u(m)?
-6
Let t(p) = -4664*p**2 + 4658*p**2 + 6 + 5*p**3 + 6*p - 4*p**3. Determine t(5)